ommon divisor of 1134 and 128741724?
162
What is the highest common divisor of 72 and 43875387?
9
Calculate the greatest common divisor of 430 and 146089060.
430
What is the highest common divisor of 84213118 and 154?
22
What is the greatest common divisor of 382046 and 3273739?
6587
Calculate the highest common divisor of 586 and 9925082.
586
Calculate the greatest common divisor of 3282536 and 64.
8
Calculate the greatest common factor of 707524020 and 578.
578
Calculate the greatest common divisor of 43119 and 870365.
1597
Calculate the highest common divisor of 2 and 111685134.
2
Calculate the greatest common divisor of 1375 and 9116525.
275
What is the highest common factor of 4545568 and 72?
8
Calculate the greatest common divisor of 4426114 and 224.
14
Calculate the highest common divisor of 82755 and 8745.
15
What is the highest common factor of 559 and 1654855?
43
What is the greatest common factor of 60 and 86513150?
10
Calculate the highest common factor of 362002770 and 6480.
810
What is the greatest common divisor of 4900607 and 368016?
697
What is the greatest common divisor of 133 and 139879824?
133
What is the greatest common factor of 3794746 and 1541?
67
What is the highest common divisor of 19900214 and 52906?
7558
Calculate the greatest common divisor of 3570559 and 22361.
379
What is the greatest common factor of 3734250 and 305634?
2298
What is the highest common divisor of 882833 and 15503?
419
What is the greatest common divisor of 95 and 2025?
5
Calculate the greatest common divisor of 25607 and 196026.
883
What is the highest common divisor of 333703 and 162023?
1073
Calculate the highest common factor of 7755 and 6461434980.
7755
Calculate the highest common divisor of 282 and 588977727.
141
Calculate the highest common divisor of 192937998 and 374.
374
Calculate the greatest common divisor of 1667237 and 585.
13
What is the greatest common factor of 180 and 37480320?
180
What is the highest common factor of 66 and 48474294?
66
What is the greatest common factor of 1 and 9640219?
1
Calculate the greatest common divisor of 362189 and 12040.
43
What is the greatest common factor of 51308 and 1031748?
508
Calculate the greatest common divisor of 1489606190 and 10.
10
Calculate the greatest common divisor of 19599 and 136206.
141
Calculate the greatest common factor of 150 and 9971450.
50
What is the greatest common factor of 44736 and 366043?
233
What is the greatest common divisor of 579843 and 1089?
99
What is the greatest common factor of 909244 and 57428?
196
Calculate the highest common divisor of 655410460 and 5450.
1090
Calculate the greatest common divisor of 19355978 and 1838.
1838
What is the highest common divisor of 1382206 and 2198?
14
What is the greatest common divisor of 5913178 and 238?
34
Calculate the highest common divisor of 1758070 and 98192.
722
What is the highest common factor of 2435511 and 70329?
591
Calculate the highest common factor of 3605 and 82579014.
721
Calculate the highest common divisor of 294 and 17627064.
294
Calculate the greatest common factor of 2385 and 5732190.
45
What is the highest common factor of 166523 and 875?
7
What is the highest common factor of 6888 and 56498246?
574
Calculate the highest common factor of 124693998 and 1482.
1482
What is the highest common factor of 18536429 and 303?
101
What is the highest common factor of 60080376 and 634?
634
Calculate the greatest common factor of 5726 and 694891.
409
What is the greatest common factor of 3342 and 62206874?
1114
What is the greatest common divisor of 639 and 267850269?
639
What is the greatest common divisor of 4473992 and 748284?
1964
What is the highest common divisor of 700 and 3072350?
50
Calculate the highest common divisor of 144538235 and 10.
5
What is the greatest common divisor of 19783 and 401938?
73
What is the greatest common divisor of 4809 and 1883067?
687
What is the greatest common divisor of 17975343 and 164?
41
Calculate the greatest common divisor of 84667 and 35599520.
1969
What is the highest common factor of 393 and 21211913?
131
Calculate the highest common factor of 458934 and 41478.
1338
What is the greatest common divisor of 1919022 and 98?
14
Calculate the greatest common factor of 1052856 and 2198952.
504
Calculate the highest common factor of 47 and 101311179.
47
Calculate the highest common factor of 98 and 229868702.
98
Calculate the highest common divisor of 339735 and 501402.
2343
Calculate the highest common divisor of 1410061464 and 3582.
3582
What is the greatest common factor of 484 and 3673967?
11
What is the highest common divisor of 42845 and 29100775?
2255
Calculate the highest common factor of 2039260 and 1960.
20
What is the highest common divisor of 73570 and 132160?
70
What is the greatest common factor of 12 and 1620417?
3
What is the greatest common factor of 75981 and 20543142?
1767
What is the highest common factor of 506 and 82008542?
22
Calculate the highest common factor of 629058 and 5664.
354
What is the highest common factor of 7779545 and 277?
277
Calculate the greatest common divisor of 3025730 and 20.
10
Calculate the highest common factor of 1391 and 55761017.
1391
Calculate the highest common factor of 134 and 4582666.
134
Calculate the greatest common divisor of 1665686891 and 9185.
1837
Calculate the highest common factor of 765 and 17316591.
51
Calculate the highest common divisor of 3065163 and 176301.
3093
What is the highest common factor of 1448 and 4080826?
362
What is the greatest common divisor of 11733897 and 21?
21
What is the greatest common factor of 117478 and 139262?
778
What is the greatest common factor of 15220 and 4993682?
1522
Calculate the greatest common divisor of 49981686 and 35598.
2094
What is the highest common factor of 87721773 and 5064?
633
What is the highest common factor of 2656835 and 6351?
2117
Calculate the greatest common factor of 1514492 and 784.
196
What is the greatest common divisor of 1666888 and 25483?
1499
Calculate the greatest common factor of 5746404 and 648.
12
Calculate the greatest common factor of 6320 and 2473270.
10
What is the greatest common factor of 274479720 and 3615?
3615
What is the greatest common factor of 4454776 and 11288?
664
Calculate the greatest common divisor of 50 and 106815290.
10
What is the highest common divisor of 304350 and 1550?
50
What is the highest common divisor of 688664 and 48?
8
Calculate the highest common divisor of 23530835 and 22705.
95
What is the highest common divisor of 158740314 and 18?
6
Calculate the highest common factor of 12 and 14054358.
6
What is the highest common factor of 100662 and 217218?
5298
What is the greatest common factor of 100 and 376443500?
100
Calculate the highest common divisor of 3 and 138187884.
3
What is the highest common divisor of 11466 and 1134471?
39
What is the greatest common factor of 2096 and 4105540?
524
What is the highest common factor of 745734 and 902?
22
Calculate the highest common divisor of 3604 and 5310812.
212
What is the greatest common factor of 930 and 366472390?
310
What is the highest common divisor of 40725 and 1128897?
1629
Calculate the highest common divisor of 12949 and 21969949.
563
What is the greatest common divisor of 4212 and 142181364?
156
What is the highest common factor of 624 and 1195194?
78
What is the highest common factor of 9603 and 9743553?
873
What is the greatest common divisor of 1205 and 35987566?
241
What is the highest common factor of 14050752 and 7872?
192
What is the highest common divisor of 2211 and 934626?
33
Calculate the greatest common divisor of 14145469 and 494.
13
Calculate the greatest common divisor of 22 and 181693853.
11
What is the highest common divisor of 14554 and 16806040?
766
What is the highest common divisor of 76560 and 233266?
22
What is the greatest common factor of 2113040 and 54125?
2165
What is the highest common divisor of 41370021 and 243?
243
Calculate the highest common divisor of 17094 and 19870998.
1554
Calculate the highest common divisor of 1575368 and 204370.
382
What is the greatest common divisor of 5 and 343513290?
5
Calculate the highest common divisor of 17 and 49210869.
17
Calculate the greatest common divisor of 273 and 47460842.
13
